{"id":802,"date":"2026-03-12T17:26:30","date_gmt":"2026-03-12T16:26:30","guid":{"rendered":"https:\/\/biotechlerncenter.iph-multisite.berta-bewegt.ch\/?page_id=802"},"modified":"2026-03-12T17:26:30","modified_gmt":"2026-03-12T16:26:30","slug":"5-nanomateriaux-en-tant-que-vecteurs","status":"publish","type":"page","link":"https:\/\/biotechlerncenter.interpharma.ch\/fr\/sujets\/nanomedecine\/5-nanomateriaux-en-tant-que-vecteurs\/","title":{"rendered":"5. Nanomat\u00e9riaux en tant que vecteurs"},"content":{"rendered":"\n<p>L&rsquo;utilisation de nanoparticules pour transporter dans le corps les principes actifs de fa\u00e7on cibl\u00e9e est certainement un champ d&rsquo;application suppl\u00e9mentaire. Souvenons-nous de l&rsquo;exemple mentionn\u00e9 en d\u00e9but de chapitre: les principes actifs anticanc\u00e9reux emball\u00e9s dans des nanoconteneurs. Des nanoparticules \u00e0 inhaler sont un autre exemple auquel la recherche s&rsquo;attache actuellement. Peut-\u00eatre qu&rsquo;un jour, les diab\u00e9tiques pourraient inhaler l&rsquo;insuline au lieu de se l&rsquo;injecter &#8211; ce serait un tel soulagement! Les nanoparticules pourraient \u00eatre combin\u00e9es aux mol\u00e9cules d&rsquo;insuline et conditionn\u00e9es sous forme de spray. Les premiers essais cliniques sont en cours mais cela peut durer des ann\u00e9es jusqu&rsquo;\u00e0 ce qu&rsquo;ils soient op\u00e9rationnels.<\/p>\n\n\n\n<p>En r\u00e8gle g\u00e9n\u00e9rale, le niveau d&rsquo;exigence pour de telles nanoparticules est tr\u00e8s \u00e9lev\u00e9: elles doivent \u00eatre, de fa\u00e7on stricte, non toxiques et biod\u00e9gradables. Elles ne seront ni consid\u00e9r\u00e9es comme des intruses ni combattues par le syst\u00e8me immunitaire&nbsp; avant qu&rsquo;elles n&rsquo;aient atteint leur objectif. Elles ne doivent occasionner aucune r\u00e9action allergique et surtout ne pas \u00eatre elles-m\u00eames canc\u00e9rig\u00e8nes.<\/p>\n","protected":false},"excerpt":{"rendered":"<p>L&rsquo;utilisation de nanoparticules pour transporter dans le corps les principes actifs de fa\u00e7on cibl\u00e9e est certainement un champ d&rsquo;application suppl\u00e9mentaire. Souvenons-nous de l&rsquo;exemple mentionn\u00e9 en d\u00e9but de chapitre: les principes actifs anticanc\u00e9reux emball\u00e9s dans des nanoconteneurs. Des nanoparticules \u00e0 inhaler sont un autre exemple auquel la recherche s&rsquo;attache actuellement. Peut-\u00eatre qu&rsquo;un jour, les diab\u00e9tiques pourraient [&hellip;]<\/p>\n","protected":false},"author":1,"featured_media":0,"parent":826,"menu_order":4,"comment_status":"closed","ping_status":"closed","template":"page-templates\/unterthema.php","meta":{"_acf_changed":false,"inline_featured_image":false,"footnotes":""},"class_list":["post-802","page","type-page","status-publish","hentry"],"acf":[],"yoast_head":"<!-- This site is optimized with the Yoast SEO Premium plugin v27.2 (Yoast SEO v27.2) - https:\/\/yoast.com\/product\/yoast-seo-premium-wordpress\/ -->\n<title>5. Nanomat\u00e9riaux en tant que vecteurs - biotechlerncenter<\/title>\n<meta name=\"robots\" content=\"index, follow, max-snippet:-1, max-image-preview:large, max-video-preview:-1\" \/>\n<link rel=\"canonical\" href=\"https:\/\/biotechlerncenter.interpharma.ch\/themen\/nanomedizin\/5-nanomaterialien-als-traeger\/\" \/>\n<meta property=\"og:locale\" content=\"fr_FR\" \/>\n<meta property=\"og:type\" content=\"article\" \/>\n<meta property=\"og:title\" content=\"5. Nanomat\u00e9riaux en tant que vecteurs\" \/>\n<meta property=\"og:description\" content=\"L&rsquo;utilisation de nanoparticules pour transporter dans le corps les principes actifs de fa\u00e7on cibl\u00e9e est certainement un champ d&rsquo;application suppl\u00e9mentaire. Souvenons-nous de l&rsquo;exemple mentionn\u00e9 en d\u00e9but de chapitre: les principes actifs anticanc\u00e9reux emball\u00e9s dans des nanoconteneurs. Des nanoparticules \u00e0 inhaler sont un autre exemple auquel la recherche s&rsquo;attache actuellement. Peut-\u00eatre qu&rsquo;un jour, les diab\u00e9tiques pourraient [&hellip;]\" \/>\n<meta property=\"og:url\" content=\"https:\/\/biotechlerncenter.interpharma.ch\/themen\/nanomedizin\/5-nanomaterialien-als-traeger\/\" \/>\n<meta property=\"og:site_name\" content=\"biotechlerncenter\" \/>\n<meta name=\"twitter:card\" content=\"summary_large_image\" \/>\n<meta name=\"twitter:label1\" content=\"Dur\u00e9e de lecture estim\u00e9e\" \/>\n\t<meta name=\"twitter:data1\" content=\"1 minute\" \/>\n<script type=\"application\/ld+json\" class=\"yoast-schema-graph\">{\"@context\":\"https:\/\/schema.org\",\"@graph\":[{\"@type\":\"WebPage\",\"@id\":\"https:\/\/biotechlerncenter.interpharma.ch\/themen\/nanomedizin\/5-nanomaterialien-als-traeger\/\",\"url\":\"https:\/\/biotechlerncenter.interpharma.ch\/themen\/nanomedizin\/5-nanomaterialien-als-traeger\/\",\"name\":\"5. Nanomat\u00e9riaux en tant que vecteurs - biotechlerncenter\",\"isPartOf\":{\"@id\":\"https:\/\/biotechlerncenter.interpharma.ch\/#website\"},\"datePublished\":\"2026-03-12T16:26:30+00:00\",\"breadcrumb\":{\"@id\":\"https:\/\/biotechlerncenter.interpharma.ch\/themen\/nanomedizin\/5-nanomaterialien-als-traeger\/#breadcrumb\"},\"inLanguage\":\"fr-FR\",\"potentialAction\":[{\"@type\":\"ReadAction\",\"target\":[\"https:\/\/biotechlerncenter.interpharma.ch\/themen\/nanomedizin\/5-nanomaterialien-als-traeger\/\"]}]},{\"@type\":\"BreadcrumbList\",\"@id\":\"https:\/\/biotechlerncenter.interpharma.ch\/themen\/nanomedizin\/5-nanomaterialien-als-traeger\/#breadcrumb\",\"itemListElement\":[{\"@type\":\"ListItem\",\"position\":1,\"name\":\"Start\",\"item\":\"https:\/\/biotechlerncenter.interpharma.ch\/fr\/\"},{\"@type\":\"ListItem\",\"position\":2,\"name\":\"Sujets\",\"item\":\"https:\/\/biotechlerncenter.interpharma.ch\/fr\/sujets\/\"},{\"@type\":\"ListItem\",\"position\":3,\"name\":\"Nanom\u00e9decine\",\"item\":\"https:\/\/biotechlerncenter.interpharma.ch\/fr\/sujets\/nanomedecine\/\"},{\"@type\":\"ListItem\",\"position\":4,\"name\":\"5. Nanomat\u00e9riaux en tant que vecteurs\"}]},{\"@type\":\"WebSite\",\"@id\":\"https:\/\/biotechlerncenter.interpharma.ch\/#website\",\"url\":\"https:\/\/biotechlerncenter.interpharma.ch\/\",\"name\":\"biotechlerncenter\",\"description\":\"\",\"potentialAction\":[{\"@type\":\"SearchAction\",\"target\":{\"@type\":\"EntryPoint\",\"urlTemplate\":\"https:\/\/biotechlerncenter.interpharma.ch\/?s={search_term_string}\"},\"query-input\":{\"@type\":\"PropertyValueSpecification\",\"valueRequired\":true,\"valueName\":\"search_term_string\"}}],\"inLanguage\":\"fr-FR\"}]}<\/script>\n<!-- \/ Yoast SEO Premium plugin. -->","yoast_head_json":{"title":"5. Nanomat\u00e9riaux en tant que vecteurs - biotechlerncenter","robots":{"index":"index","follow":"follow","max-snippet":"max-snippet:-1","max-image-preview":"max-image-preview:large","max-video-preview":"max-video-preview:-1"},"canonical":"https:\/\/biotechlerncenter.interpharma.ch\/themen\/nanomedizin\/5-nanomaterialien-als-traeger\/","og_locale":"fr_FR","og_type":"article","og_title":"5. Nanomat\u00e9riaux en tant que vecteurs","og_description":"L&rsquo;utilisation de nanoparticules pour transporter dans le corps les principes actifs de fa\u00e7on cibl\u00e9e est certainement un champ d&rsquo;application suppl\u00e9mentaire. Souvenons-nous de l&rsquo;exemple mentionn\u00e9 en d\u00e9but de chapitre: les principes actifs anticanc\u00e9reux emball\u00e9s dans des nanoconteneurs. Des nanoparticules \u00e0 inhaler sont un autre exemple auquel la recherche s&rsquo;attache actuellement. Peut-\u00eatre qu&rsquo;un jour, les diab\u00e9tiques pourraient [&hellip;]","og_url":"https:\/\/biotechlerncenter.interpharma.ch\/themen\/nanomedizin\/5-nanomaterialien-als-traeger\/","og_site_name":"biotechlerncenter","twitter_card":"summary_large_image","twitter_misc":{"Dur\u00e9e de lecture estim\u00e9e":"1 minute"},"schema":{"@context":"https:\/\/schema.org","@graph":[{"@type":"WebPage","@id":"https:\/\/biotechlerncenter.interpharma.ch\/themen\/nanomedizin\/5-nanomaterialien-als-traeger\/","url":"https:\/\/biotechlerncenter.interpharma.ch\/themen\/nanomedizin\/5-nanomaterialien-als-traeger\/","name":"5. Nanomat\u00e9riaux en tant que vecteurs - biotechlerncenter","isPartOf":{"@id":"https:\/\/biotechlerncenter.interpharma.ch\/#website"},"datePublished":"2026-03-12T16:26:30+00:00","breadcrumb":{"@id":"https:\/\/biotechlerncenter.interpharma.ch\/themen\/nanomedizin\/5-nanomaterialien-als-traeger\/#breadcrumb"},"inLanguage":"fr-FR","potentialAction":[{"@type":"ReadAction","target":["https:\/\/biotechlerncenter.interpharma.ch\/themen\/nanomedizin\/5-nanomaterialien-als-traeger\/"]}]},{"@type":"BreadcrumbList","@id":"https:\/\/biotechlerncenter.interpharma.ch\/themen\/nanomedizin\/5-nanomaterialien-als-traeger\/#breadcrumb","itemListElement":[{"@type":"ListItem","position":1,"name":"Start","item":"https:\/\/biotechlerncenter.interpharma.ch\/fr\/"},{"@type":"ListItem","position":2,"name":"Sujets","item":"https:\/\/biotechlerncenter.interpharma.ch\/fr\/sujets\/"},{"@type":"ListItem","position":3,"name":"Nanom\u00e9decine","item":"https:\/\/biotechlerncenter.interpharma.ch\/fr\/sujets\/nanomedecine\/"},{"@type":"ListItem","position":4,"name":"5. Nanomat\u00e9riaux en tant que vecteurs"}]},{"@type":"WebSite","@id":"https:\/\/biotechlerncenter.interpharma.ch\/#website","url":"https:\/\/biotechlerncenter.interpharma.ch\/","name":"biotechlerncenter","description":"","potentialAction":[{"@type":"SearchAction","target":{"@type":"EntryPoint","urlTemplate":"https:\/\/biotechlerncenter.interpharma.ch\/?s={search_term_string}"},"query-input":{"@type":"PropertyValueSpecification","valueRequired":true,"valueName":"search_term_string"}}],"inLanguage":"fr-FR"}]}},"_links":{"self":[{"href":"https:\/\/biotechlerncenter.interpharma.ch\/fr\/wp-json\/wp\/v2\/pages\/802","targetHints":{"allow":["GET"]}}],"collection":[{"href":"https:\/\/biotechlerncenter.interpharma.ch\/fr\/wp-json\/wp\/v2\/pages"}],"about":[{"href":"https:\/\/biotechlerncenter.interpharma.ch\/fr\/wp-json\/wp\/v2\/types\/page"}],"author":[{"embeddable":true,"href":"https:\/\/biotechlerncenter.interpharma.ch\/fr\/wp-json\/wp\/v2\/users\/1"}],"replies":[{"embeddable":true,"href":"https:\/\/biotechlerncenter.interpharma.ch\/fr\/wp-json\/wp\/v2\/comments?post=802"}],"version-history":[{"count":1,"href":"https:\/\/biotechlerncenter.interpharma.ch\/fr\/wp-json\/wp\/v2\/pages\/802\/revisions"}],"predecessor-version":[{"id":803,"href":"https:\/\/biotechlerncenter.interpharma.ch\/fr\/wp-json\/wp\/v2\/pages\/802\/revisions\/803"}],"up":[{"embeddable":true,"href":"https:\/\/biotechlerncenter.interpharma.ch\/fr\/wp-json\/wp\/v2\/pages\/826"}],"wp:attachment":[{"href":"https:\/\/biotechlerncenter.interpharma.ch\/fr\/wp-json\/wp\/v2\/media?parent=802"}],"curies":[{"name":"wp","href":"https:\/\/api.w.org\/{rel}","templated":true}]}}

5. Nanomatériaux en tant que vecteurs

<p>L&rsquo;utilisation de nanoparticules pour transporter dans le corps les principes actifs de façon ciblée est certainement un champ d&rsquo;application supplémentaire. Souvenons-nous de l&rsquo;exemple mentionné en début de chapitre: les principes actifs anticancéreux emballés dans des nanoconteneurs. Des nanoparticules à inhaler sont un autre exemple auquel la recherche s&rsquo;attache actuellement. Peut-être qu&rsquo;un jour, les diabétiques pourraient inhaler l&rsquo;insuline au lieu de se l&rsquo;injecter &#8211; ce serait un tel soulagement! Les nanoparticules pourraient être combinées aux molécules d&rsquo;insuline et conditionnées sous forme de spray. Les premiers essais cliniques sont en cours mais cela peut durer des années jusqu&rsquo;à ce qu&rsquo;ils soient opérationnels.</p>



<p>En règle générale, le niveau d&rsquo;exigence pour de telles nanoparticules est très élevé: elles doivent être, de façon stricte, non toxiques et biodégradables. Elles ne seront ni considérées comme des intruses ni combattues par le système immunitaire&nbsp; avant qu&rsquo;elles n&rsquo;aient atteint leur objectif. Elles ne doivent occasionner aucune réaction allergique et surtout ne pas être elles-mêmes cancérigènes.</p>

<p>L&rsquo;utilisation de nanoparticules pour transporter dans le corps les principes actifs de façon ciblée est certainement un champ d&rsquo;application supplémentaire. Souvenons-nous de l&rsquo;exemple mentionné en début de chapitre: les principes actifs anticancéreux emballés dans des nanoconteneurs. Des nanoparticules à inhaler sont un autre exemple auquel la recherche s&rsquo;attache actuellement. Peut-être qu&rsquo;un jour, les diabétiques pourraient [&hellip;]</p>

<!-- This site is optimized with the Yoast SEO Premium plugin v27.2 (Yoast SEO v27.2) - https://yoast.com/product/yoast-seo-premium-wordpress/ -->
<title>5. Nanomatériaux en tant que vecteurs - biotechlerncenter</title>
<meta name="robots" content="index, follow, max-snippet:-1, max-image-preview:large, max-video-preview:-1" />
<link rel="canonical" href="https://biotechlerncenter.interpharma.ch/themen/nanomedizin/5-nanomaterialien-als-traeger/" />
<meta property="og:locale" content="fr_FR" />
<meta property="og:type" content="article" />
<meta property="og:title" content="5. Nanomatériaux en tant que vecteurs" />
<meta property="og:description" content="L&rsquo;utilisation de nanoparticules pour transporter dans le corps les principes actifs de façon ciblée est certainement un champ d&rsquo;application supplémentaire. Souvenons-nous de l&rsquo;exemple mentionné en début de chapitre: les principes actifs anticancéreux emballés dans des nanoconteneurs. Des nanoparticules à inhaler sont un autre exemple auquel la recherche s&rsquo;attache actuellement. Peut-être qu&rsquo;un jour, les diabétiques pourraient [&hellip;]" />
<meta property="og:url" content="https://biotechlerncenter.interpharma.ch/themen/nanomedizin/5-nanomaterialien-als-traeger/" />
<meta property="og:site_name" content="biotechlerncenter" />
<meta name="twitter:card" content="summary_large_image" />
<meta name="twitter:label1" content="Durée de lecture estimée" />
	<meta name="twitter:data1" content="1 minute" />
<script type="application/ld+json" class="yoast-schema-graph">{"@context":"https://schema.org","@graph":[{"@type":"WebPage","@id":"https://biotechlerncenter.interpharma.ch/themen/nanomedizin/5-nanomaterialien-als-traeger/","url":"https://biotechlerncenter.interpharma.ch/themen/nanomedizin/5-nanomaterialien-als-traeger/","name":"5. Nanomatériaux en tant que vecteurs - biotechlerncenter","isPartOf":{"@id":"https://biotechlerncenter.interpharma.ch/#website"},"datePublished":"2026-03-12T16:26:30+00:00","breadcrumb":{"@id":"https://biotechlerncenter.interpharma.ch/themen/nanomedizin/5-nanomaterialien-als-traeger/#breadcrumb"},"inLanguage":"fr-FR","potentialAction":[{"@type":"ReadAction","target":["https://biotechlerncenter.interpharma.ch/themen/nanomedizin/5-nanomaterialien-als-traeger/"]}]},{"@type":"BreadcrumbList","@id":"https://biotechlerncenter.interpharma.ch/themen/nanomedizin/5-nanomaterialien-als-traeger/#breadcrumb","itemListElement":[{"@type":"ListItem","position":1,"name":"Start","item":"https://biotechlerncenter.interpharma.ch/fr/"},{"@type":"ListItem","position":2,"name":"Sujets","item":"https://biotechlerncenter.interpharma.ch/fr/sujets/"},{"@type":"ListItem","position":3,"name":"Nanomédecine","item":"https://biotechlerncenter.interpharma.ch/fr/sujets/nanomedecine/"},{"@type":"ListItem","position":4,"name":"5. Nanomatériaux en tant que vecteurs"}]},{"@type":"WebSite","@id":"https://biotechlerncenter.interpharma.ch/#website","url":"https://biotechlerncenter.interpharma.ch/","name":"biotechlerncenter","description":"","potentialAction":[{"@type":"SearchAction","target":{"@type":"EntryPoint","urlTemplate":"https://biotechlerncenter.interpharma.ch/?s={search_term_string}"},"query-input":{"@type":"PropertyValueSpecification","valueRequired":true,"valueName":"search_term_string"}}],"inLanguage":"fr-FR"}]}</script>
<!-- / Yoast SEO Premium plugin. -->

5. Nanomatériaux en tant que vecteurs - biotechlerncenter

L&rsquo;utilisation de nanoparticules pour transporter dans le corps les principes actifs de façon ciblée est certainement un champ d&rsquo;application supplémentaire. Souvenons-nous de l&rsquo;exemple mentionné en début de chapitre: les principes actifs anticancéreux emballés dans des nanoconteneurs. Des nanoparticules à inhaler sont un autre exemple auquel la recherche s&rsquo;attache actuellement. Peut-être qu&rsquo;un jour, les diabétiques pourraient [&hellip;]

Nanomédecine
