{"id":390,"date":"2026-03-12T17:26:07","date_gmt":"2026-03-12T16:26:07","guid":{"rendered":"https:\/\/biotechlerncenter.iph-multisite.berta-bewegt.ch\/?page_id=390"},"modified":"2026-03-13T16:10:58","modified_gmt":"2026-03-13T15:10:58","slug":"quellen","status":"publish","type":"page","link":"https:\/\/biotechlerncenter.interpharma.ch\/fr\/sujets\/psychische-gesundheit-jugendliche-schweiz\/quellen\/","title":{"rendered":"7. Sources"},"content":{"rendered":"\n<p>Barrense-Dias et. al, 2021: <a href=\"https:\/\/www.unisante.ch\/fr\/formation-recherche\/recherche\/publications\/raisons-sante\/raisons-sante-323\" target=\"_blank\" rel=\"noreferrer noopener\"><span style=\"text-decoration: underline;\">https:\/\/www.unisante.ch\/fr\/formation-recherche\/recherche\/publications\/raisons-sante\/raisons-sante-323<\/span><\/a><\/p>\n\n\n\n<p>UNICEF Schweiz und Liechtenstein, 2021: <a href=\"https:\/\/www.unicef.ch\/fr\/notre-travail\/suisse-liechtenstein\/sante-mentale\" target=\"_blank\" rel=\"noreferrer noopener\"><span style=\"text-decoration: underline;\">Sant\u00e9 mentale des jeunes. \u00c9tude sur la situation en Suisse et au Liechtenstein<\/span><\/a>.<\/p>\n\n\n\n<p>Rapport de l\u2019Obsan 2023: <a href=\"https:\/\/www.obsan.admin.ch\/sites\/default\/files\/2023-05\/Obsan_03_2023_BERICHT.pdf\" target=\"_blank\" rel=\"noreferrer noopener\"><span style=\"text-decoration: underline;\">Psychische Gesundheit \u2013\u00a0Erhebung Herbst 2022<\/span><\/a>. (en allemand)<\/p>\n\n\n\n<p>Promotion Sant\u00e9 Suisse, 2024: <a href=\"https:\/\/promotionsante.ch\/sites\/default\/files\/2024-05\/Feuille%20d%E2%80%99information_102_2024-05_Sant%C3%A9%20psychique%20des%20jeunes%20femmes.pdf\" target=\"_blank\" rel=\"noreferrer noopener\"><span style=\"text-decoration: underline;\">Sant\u00e9 psychique des jeunes femmes<\/span><\/a>.<\/p>\n\n\n\n<p><a href=\"http:\/\/www.projuventute.ch\/fr\" target=\"_blank\" rel=\"noreferrer noopener\"><span style=\"text-decoration: underline;\">www.projuventute.ch<\/span><\/a><\/p>\n\n\n\n<p><a href=\"https:\/\/www.fritzundfraenzi.ch\/fr\/category\/psychologie\" target=\"_blank\" rel=\"noreferrer noopener\"><span style=\"text-decoration: underline;\">https:\/\/www.fritzundfraenzi.ch\/fr\/category\/psychologie<\/span><\/a><\/p>\n\n\n\n<p><a href=\"http:\/\/www.promentesana.ch\" target=\"_blank\" rel=\"noreferrer noopener\"><span style=\"text-decoration: underline;\">www.promentesana.ch<\/span><\/a> (en allemand)<\/p>\n\n\n\n<p><a href=\"https:\/\/www.bag.admin.ch\/fr\/tdah\" target=\"_blank\" rel=\"noreferrer noopener\"><span style=\"text-decoration: underline;\">https:\/\/www.bag.admin.ch\/fr\/tdah<\/span><\/a><\/p>\n\n\n\n<p><a href=\"https:\/\/ekkj.admin.ch\/fileadmin\/user_upload\/ekkj\/02pubblikationen\/Positionspapier\/f_Position_CFEJ_Promouvoir_la_sante_mentale_des_enfants_et_des_jeunes_sur_le_long_terme.pdf\" target=\"_blank\" rel=\"noreferrer noopener\"><span style=\"text-decoration: underline;\">Promouvoir la sant\u00e9 mentale des enfants et des jeunes sur le long terme<\/span><\/a> \u2013 Position de la Commission f\u00e9d\u00e9rale pour l\u2019enfance et la jeunesse (CFEJ), mars 2024.<\/p>\n\n\n\n<p>Office f\u00e9d\u00e9ral de la sant\u00e9 publique, 2025: <a href=\"https:\/\/www.prevention.ch\/files\/publicimages\/Studienzusammenfassung_Social-Media_Wohlbefinden_FR.pdf\" target=\"_blank\" rel=\"noreferrer noopener\"><span style=\"text-decoration: underline;\">R\u00e9sum\u00e9 de l\u2019\u00e9tude<\/span><\/a> \u00abLes m\u00e9dias sociaux et le bien-\u00eatre des jeunes en Suisse\u00bb<\/p>\n","protected":false},"excerpt":{"rendered":"<p>Barrense-Dias et. al, 2021: https:\/\/www.unisante.ch\/fr\/formation-recherche\/recherche\/publications\/raisons-sante\/raisons-sante-323 UNICEF Schweiz und Liechtenstein, 2021: Sant\u00e9 mentale des jeunes. \u00c9tude sur la situation en Suisse et au Liechtenstein. Rapport de l\u2019Obsan 2023: Psychische Gesundheit \u2013\u00a0Erhebung Herbst 2022. (en allemand) Promotion Sant\u00e9 Suisse, 2024: Sant\u00e9 psychique des jeunes femmes. www.projuventute.ch https:\/\/www.fritzundfraenzi.ch\/fr\/category\/psychologie www.promentesana.ch (en allemand) https:\/\/www.bag.admin.ch\/fr\/tdah Promouvoir la sant\u00e9 mentale des enfants [&hellip;]<\/p>\n","protected":false},"author":1,"featured_media":0,"parent":378,"menu_order":6,"comment_status":"closed","ping_status":"closed","template":"page-templates\/unterthema.php","meta":{"_acf_changed":false,"inline_featured_image":false,"footnotes":""},"class_list":["post-390","page","type-page","status-publish","hentry"],"acf":[],"yoast_head":"<!-- This site is optimized with the Yoast SEO Premium plugin v27.2 (Yoast SEO v27.2) - https:\/\/yoast.com\/product\/yoast-seo-premium-wordpress\/ -->\n<title>7. Sources - biotechlerncenter<\/title>\n<meta name=\"robots\" content=\"index, follow, max-snippet:-1, max-image-preview:large, max-video-preview:-1\" \/>\n<link rel=\"canonical\" href=\"https:\/\/biotechlerncenter.interpharma.ch\/themen\/psychische-gesundheit-jugendliche-schweiz\/quellen\/\" \/>\n<meta property=\"og:locale\" content=\"fr_FR\" \/>\n<meta property=\"og:type\" content=\"article\" \/>\n<meta property=\"og:title\" content=\"7. Sources\" \/>\n<meta property=\"og:description\" content=\"Barrense-Dias et. al, 2021: https:\/\/www.unisante.ch\/fr\/formation-recherche\/recherche\/publications\/raisons-sante\/raisons-sante-323 UNICEF Schweiz und Liechtenstein, 2021: Sant\u00e9 mentale des jeunes. \u00c9tude sur la situation en Suisse et au Liechtenstein. Rapport de l\u2019Obsan 2023: Psychische Gesundheit \u2013\u00a0Erhebung Herbst 2022. (en allemand) Promotion Sant\u00e9 Suisse, 2024: Sant\u00e9 psychique des jeunes femmes. www.projuventute.ch https:\/\/www.fritzundfraenzi.ch\/fr\/category\/psychologie www.promentesana.ch (en allemand) https:\/\/www.bag.admin.ch\/fr\/tdah Promouvoir la sant\u00e9 mentale des enfants [&hellip;]\" \/>\n<meta property=\"og:url\" content=\"https:\/\/biotechlerncenter.interpharma.ch\/themen\/psychische-gesundheit-jugendliche-schweiz\/quellen\/\" \/>\n<meta property=\"og:site_name\" content=\"biotechlerncenter\" \/>\n<meta property=\"article:modified_time\" content=\"2026-03-13T15:10:58+00:00\" \/>\n<meta name=\"twitter:card\" content=\"summary_large_image\" \/>\n<meta name=\"twitter:label1\" content=\"Dur\u00e9e de lecture estim\u00e9e\" \/>\n\t<meta name=\"twitter:data1\" content=\"1 minute\" \/>\n<script type=\"application\/ld+json\" class=\"yoast-schema-graph\">{\"@context\":\"https:\/\/schema.org\",\"@graph\":[{\"@type\":\"WebPage\",\"@id\":\"https:\/\/biotechlerncenter.interpharma.ch\/themen\/psychische-gesundheit-jugendliche-schweiz\/quellen\/\",\"url\":\"https:\/\/biotechlerncenter.interpharma.ch\/themen\/psychische-gesundheit-jugendliche-schweiz\/quellen\/\",\"name\":\"7. Sources - biotechlerncenter\",\"isPartOf\":{\"@id\":\"https:\/\/biotechlerncenter.interpharma.ch\/#website\"},\"datePublished\":\"2026-03-12T16:26:07+00:00\",\"dateModified\":\"2026-03-13T15:10:58+00:00\",\"breadcrumb\":{\"@id\":\"https:\/\/biotechlerncenter.interpharma.ch\/themen\/psychische-gesundheit-jugendliche-schweiz\/quellen\/#breadcrumb\"},\"inLanguage\":\"fr-FR\",\"potentialAction\":[{\"@type\":\"ReadAction\",\"target\":[\"https:\/\/biotechlerncenter.interpharma.ch\/themen\/psychische-gesundheit-jugendliche-schweiz\/quellen\/\"]}]},{\"@type\":\"BreadcrumbList\",\"@id\":\"https:\/\/biotechlerncenter.interpharma.ch\/themen\/psychische-gesundheit-jugendliche-schweiz\/quellen\/#breadcrumb\",\"itemListElement\":[{\"@type\":\"ListItem\",\"position\":1,\"name\":\"Start\",\"item\":\"https:\/\/biotechlerncenter.interpharma.ch\/fr\/\"},{\"@type\":\"ListItem\",\"position\":2,\"name\":\"Sujets\",\"item\":\"https:\/\/biotechlerncenter.interpharma.ch\/fr\/sujets\/\"},{\"@type\":\"ListItem\",\"position\":3,\"name\":\"Entre les \u00abj\u2019aime\u00bb et la pression \u00e0 la performance: sant\u00e9 psychique des jeunes en Suisse\",\"item\":\"https:\/\/biotechlerncenter.interpharma.ch\/fr\/sujets\/psychische-gesundheit-jugendliche-schweiz\/\"},{\"@type\":\"ListItem\",\"position\":4,\"name\":\"7. Sources\"}]},{\"@type\":\"WebSite\",\"@id\":\"https:\/\/biotechlerncenter.interpharma.ch\/#website\",\"url\":\"https:\/\/biotechlerncenter.interpharma.ch\/\",\"name\":\"biotechlerncenter\",\"description\":\"\",\"potentialAction\":[{\"@type\":\"SearchAction\",\"target\":{\"@type\":\"EntryPoint\",\"urlTemplate\":\"https:\/\/biotechlerncenter.interpharma.ch\/?s={search_term_string}\"},\"query-input\":{\"@type\":\"PropertyValueSpecification\",\"valueRequired\":true,\"valueName\":\"search_term_string\"}}],\"inLanguage\":\"fr-FR\"}]}<\/script>\n<!-- \/ Yoast SEO Premium plugin. -->","yoast_head_json":{"title":"7. Sources - biotechlerncenter","robots":{"index":"index","follow":"follow","max-snippet":"max-snippet:-1","max-image-preview":"max-image-preview:large","max-video-preview":"max-video-preview:-1"},"canonical":"https:\/\/biotechlerncenter.interpharma.ch\/themen\/psychische-gesundheit-jugendliche-schweiz\/quellen\/","og_locale":"fr_FR","og_type":"article","og_title":"7. Sources","og_description":"Barrense-Dias et. al, 2021: https:\/\/www.unisante.ch\/fr\/formation-recherche\/recherche\/publications\/raisons-sante\/raisons-sante-323 UNICEF Schweiz und Liechtenstein, 2021: Sant\u00e9 mentale des jeunes. \u00c9tude sur la situation en Suisse et au Liechtenstein. Rapport de l\u2019Obsan 2023: Psychische Gesundheit \u2013\u00a0Erhebung Herbst 2022. (en allemand) Promotion Sant\u00e9 Suisse, 2024: Sant\u00e9 psychique des jeunes femmes. www.projuventute.ch https:\/\/www.fritzundfraenzi.ch\/fr\/category\/psychologie www.promentesana.ch (en allemand) https:\/\/www.bag.admin.ch\/fr\/tdah Promouvoir la sant\u00e9 mentale des enfants [&hellip;]","og_url":"https:\/\/biotechlerncenter.interpharma.ch\/themen\/psychische-gesundheit-jugendliche-schweiz\/quellen\/","og_site_name":"biotechlerncenter","article_modified_time":"2026-03-13T15:10:58+00:00","twitter_card":"summary_large_image","twitter_misc":{"Dur\u00e9e de lecture estim\u00e9e":"1 minute"},"schema":{"@context":"https:\/\/schema.org","@graph":[{"@type":"WebPage","@id":"https:\/\/biotechlerncenter.interpharma.ch\/themen\/psychische-gesundheit-jugendliche-schweiz\/quellen\/","url":"https:\/\/biotechlerncenter.interpharma.ch\/themen\/psychische-gesundheit-jugendliche-schweiz\/quellen\/","name":"7. Sources - biotechlerncenter","isPartOf":{"@id":"https:\/\/biotechlerncenter.interpharma.ch\/#website"},"datePublished":"2026-03-12T16:26:07+00:00","dateModified":"2026-03-13T15:10:58+00:00","breadcrumb":{"@id":"https:\/\/biotechlerncenter.interpharma.ch\/themen\/psychische-gesundheit-jugendliche-schweiz\/quellen\/#breadcrumb"},"inLanguage":"fr-FR","potentialAction":[{"@type":"ReadAction","target":["https:\/\/biotechlerncenter.interpharma.ch\/themen\/psychische-gesundheit-jugendliche-schweiz\/quellen\/"]}]},{"@type":"BreadcrumbList","@id":"https:\/\/biotechlerncenter.interpharma.ch\/themen\/psychische-gesundheit-jugendliche-schweiz\/quellen\/#breadcrumb","itemListElement":[{"@type":"ListItem","position":1,"name":"Start","item":"https:\/\/biotechlerncenter.interpharma.ch\/fr\/"},{"@type":"ListItem","position":2,"name":"Sujets","item":"https:\/\/biotechlerncenter.interpharma.ch\/fr\/sujets\/"},{"@type":"ListItem","position":3,"name":"Entre les \u00abj\u2019aime\u00bb et la pression \u00e0 la performance: sant\u00e9 psychique des jeunes en Suisse","item":"https:\/\/biotechlerncenter.interpharma.ch\/fr\/sujets\/psychische-gesundheit-jugendliche-schweiz\/"},{"@type":"ListItem","position":4,"name":"7. Sources"}]},{"@type":"WebSite","@id":"https:\/\/biotechlerncenter.interpharma.ch\/#website","url":"https:\/\/biotechlerncenter.interpharma.ch\/","name":"biotechlerncenter","description":"","potentialAction":[{"@type":"SearchAction","target":{"@type":"EntryPoint","urlTemplate":"https:\/\/biotechlerncenter.interpharma.ch\/?s={search_term_string}"},"query-input":{"@type":"PropertyValueSpecification","valueRequired":true,"valueName":"search_term_string"}}],"inLanguage":"fr-FR"}]}},"_links":{"self":[{"href":"https:\/\/biotechlerncenter.interpharma.ch\/fr\/wp-json\/wp\/v2\/pages\/390","targetHints":{"allow":["GET"]}}],"collection":[{"href":"https:\/\/biotechlerncenter.interpharma.ch\/fr\/wp-json\/wp\/v2\/pages"}],"about":[{"href":"https:\/\/biotechlerncenter.interpharma.ch\/fr\/wp-json\/wp\/v2\/types\/page"}],"author":[{"embeddable":true,"href":"https:\/\/biotechlerncenter.interpharma.ch\/fr\/wp-json\/wp\/v2\/users\/1"}],"replies":[{"embeddable":true,"href":"https:\/\/biotechlerncenter.interpharma.ch\/fr\/wp-json\/wp\/v2\/comments?post=390"}],"version-history":[{"count":1,"href":"https:\/\/biotechlerncenter.interpharma.ch\/fr\/wp-json\/wp\/v2\/pages\/390\/revisions"}],"predecessor-version":[{"id":391,"href":"https:\/\/biotechlerncenter.interpharma.ch\/fr\/wp-json\/wp\/v2\/pages\/390\/revisions\/391"}],"up":[{"embeddable":true,"href":"https:\/\/biotechlerncenter.interpharma.ch\/fr\/wp-json\/wp\/v2\/pages\/378"}],"wp:attachment":[{"href":"https:\/\/biotechlerncenter.interpharma.ch\/fr\/wp-json\/wp\/v2\/media?parent=390"}],"curies":[{"name":"wp","href":"https:\/\/api.w.org\/{rel}","templated":true}]}}

<p>Barrense-Dias et. al, 2021: <a href="https://www.unisante.ch/fr/formation-recherche/recherche/publications/raisons-sante/raisons-sante-323" target="_blank" rel="noreferrer noopener"><span style="text-decoration: underline;">https://www.unisante.ch/fr/formation-recherche/recherche/publications/raisons-sante/raisons-sante-323</span></a></p>



<p>UNICEF Schweiz und Liechtenstein, 2021: <a href="https://www.unicef.ch/fr/notre-travail/suisse-liechtenstein/sante-mentale" target="_blank" rel="noreferrer noopener"><span style="text-decoration: underline;">Santé mentale des jeunes. Étude sur la situation en Suisse et au Liechtenstein</span></a>.</p>



<p>Rapport de l’Obsan 2023: <a href="https://www.obsan.admin.ch/sites/default/files/2023-05/Obsan_03_2023_BERICHT.pdf" target="_blank" rel="noreferrer noopener"><span style="text-decoration: underline;">Psychische Gesundheit – Erhebung Herbst 2022</span></a>. (en allemand)</p>



<p>Promotion Santé Suisse, 2024: <a href="https://promotionsante.ch/sites/default/files/2024-05/Feuille%20d%E2%80%99information_102_2024-05_Sant%C3%A9%20psychique%20des%20jeunes%20femmes.pdf" target="_blank" rel="noreferrer noopener"><span style="text-decoration: underline;">Santé psychique des jeunes femmes</span></a>.</p>



<p><a href="http://www.projuventute.ch/fr" target="_blank" rel="noreferrer noopener"><span style="text-decoration: underline;">www.projuventute.ch</span></a></p>



<p><a href="https://www.fritzundfraenzi.ch/fr/category/psychologie" target="_blank" rel="noreferrer noopener"><span style="text-decoration: underline;">https://www.fritzundfraenzi.ch/fr/category/psychologie</span></a></p>



<p><a href="http://www.promentesana.ch" target="_blank" rel="noreferrer noopener"><span style="text-decoration: underline;">www.promentesana.ch</span></a> (en allemand)</p>



<p><a href="https://www.bag.admin.ch/fr/tdah" target="_blank" rel="noreferrer noopener"><span style="text-decoration: underline;">https://www.bag.admin.ch/fr/tdah</span></a></p>



<p><a href="https://ekkj.admin.ch/fileadmin/user_upload/ekkj/02pubblikationen/Positionspapier/f_Position_CFEJ_Promouvoir_la_sante_mentale_des_enfants_et_des_jeunes_sur_le_long_terme.pdf" target="_blank" rel="noreferrer noopener"><span style="text-decoration: underline;">Promouvoir la santé mentale des enfants et des jeunes sur le long terme</span></a> – Position de la Commission fédérale pour l’enfance et la jeunesse (CFEJ), mars 2024.</p>



<p>Office fédéral de la santé publique, 2025: <a href="https://www.prevention.ch/files/publicimages/Studienzusammenfassung_Social-Media_Wohlbefinden_FR.pdf" target="_blank" rel="noreferrer noopener"><span style="text-decoration: underline;">Résumé de l’étude</span></a> «Les médias sociaux et le bien-être des jeunes en Suisse»</p>

<p>Barrense-Dias et. al, 2021: https://www.unisante.ch/fr/formation-recherche/recherche/publications/raisons-sante/raisons-sante-323 UNICEF Schweiz und Liechtenstein, 2021: Santé mentale des jeunes. Étude sur la situation en Suisse et au Liechtenstein. Rapport de l’Obsan 2023: Psychische Gesundheit – Erhebung Herbst 2022. (en allemand) Promotion Santé Suisse, 2024: Santé psychique des jeunes femmes. www.projuventute.ch https://www.fritzundfraenzi.ch/fr/category/psychologie www.promentesana.ch (en allemand) https://www.bag.admin.ch/fr/tdah Promouvoir la santé mentale des enfants [&hellip;]</p>

<!-- This site is optimized with the Yoast SEO Premium plugin v27.2 (Yoast SEO v27.2) - https://yoast.com/product/yoast-seo-premium-wordpress/ -->
<title>7. Sources - biotechlerncenter</title>
<meta name="robots" content="index, follow, max-snippet:-1, max-image-preview:large, max-video-preview:-1" />
<link rel="canonical" href="https://biotechlerncenter.interpharma.ch/themen/psychische-gesundheit-jugendliche-schweiz/quellen/" />
<meta property="og:locale" content="fr_FR" />
<meta property="og:type" content="article" />
<meta property="og:title" content="7. Sources" />
<meta property="og:description" content="Barrense-Dias et. al, 2021: https://www.unisante.ch/fr/formation-recherche/recherche/publications/raisons-sante/raisons-sante-323 UNICEF Schweiz und Liechtenstein, 2021: Santé mentale des jeunes. Étude sur la situation en Suisse et au Liechtenstein. Rapport de l’Obsan 2023: Psychische Gesundheit – Erhebung Herbst 2022. (en allemand) Promotion Santé Suisse, 2024: Santé psychique des jeunes femmes. www.projuventute.ch https://www.fritzundfraenzi.ch/fr/category/psychologie www.promentesana.ch (en allemand) https://www.bag.admin.ch/fr/tdah Promouvoir la santé mentale des enfants [&hellip;]" />
<meta property="og:url" content="https://biotechlerncenter.interpharma.ch/themen/psychische-gesundheit-jugendliche-schweiz/quellen/" />
<meta property="og:site_name" content="biotechlerncenter" />
<meta property="article:modified_time" content="2026-03-13T15:10:58+00:00" />
<meta name="twitter:card" content="summary_large_image" />
<meta name="twitter:label1" content="Durée de lecture estimée" />
	<meta name="twitter:data1" content="1 minute" />
<script type="application/ld+json" class="yoast-schema-graph">{"@context":"https://schema.org","@graph":[{"@type":"WebPage","@id":"https://biotechlerncenter.interpharma.ch/themen/psychische-gesundheit-jugendliche-schweiz/quellen/","url":"https://biotechlerncenter.interpharma.ch/themen/psychische-gesundheit-jugendliche-schweiz/quellen/","name":"7. Sources - biotechlerncenter","isPartOf":{"@id":"https://biotechlerncenter.interpharma.ch/#website"},"datePublished":"2026-03-12T16:26:07+00:00","dateModified":"2026-03-13T15:10:58+00:00","breadcrumb":{"@id":"https://biotechlerncenter.interpharma.ch/themen/psychische-gesundheit-jugendliche-schweiz/quellen/#breadcrumb"},"inLanguage":"fr-FR","potentialAction":[{"@type":"ReadAction","target":["https://biotechlerncenter.interpharma.ch/themen/psychische-gesundheit-jugendliche-schweiz/quellen/"]}]},{"@type":"BreadcrumbList","@id":"https://biotechlerncenter.interpharma.ch/themen/psychische-gesundheit-jugendliche-schweiz/quellen/#breadcrumb","itemListElement":[{"@type":"ListItem","position":1,"name":"Start","item":"https://biotechlerncenter.interpharma.ch/fr/"},{"@type":"ListItem","position":2,"name":"Sujets","item":"https://biotechlerncenter.interpharma.ch/fr/sujets/"},{"@type":"ListItem","position":3,"name":"Entre les «j’aime» et la pression à la performance: santé psychique des jeunes en Suisse","item":"https://biotechlerncenter.interpharma.ch/fr/sujets/psychische-gesundheit-jugendliche-schweiz/"},{"@type":"ListItem","position":4,"name":"7. Sources"}]},{"@type":"WebSite","@id":"https://biotechlerncenter.interpharma.ch/#website","url":"https://biotechlerncenter.interpharma.ch/","name":"biotechlerncenter","description":"","potentialAction":[{"@type":"SearchAction","target":{"@type":"EntryPoint","urlTemplate":"https://biotechlerncenter.interpharma.ch/?s={search_term_string}"},"query-input":{"@type":"PropertyValueSpecification","valueRequired":true,"valueName":"search_term_string"}}],"inLanguage":"fr-FR"}]}</script>
<!-- / Yoast SEO Premium plugin. -->

Barrense-Dias et. al, 2021: https://www.unisante.ch/fr/formation-recherche/recherche/publications/raisons-sante/raisons-sante-323 UNICEF Schweiz und Liechtenstein, 2021: Santé mentale des jeunes. Étude sur la situation en Suisse et au Liechtenstein. Rapport de l’Obsan 2023: Psychische Gesundheit – Erhebung Herbst 2022. (en allemand) Promotion Santé Suisse, 2024: Santé psychique des jeunes femmes. www.projuventute.ch https://www.fritzundfraenzi.ch/fr/category/psychologie www.promentesana.ch (en allemand) https://www.bag.admin.ch/fr/tdah Promouvoir la santé mentale des enfants [&hellip;]

Entre les «j’aime» et la pression à la performance: santé psychique des jeunes en Suisse
