{"id":2813,"date":"2026-03-13T13:55:06","date_gmt":"2026-03-13T12:55:06","guid":{"rendered":"https:\/\/biotechlerncenter.iph-multisite.berta-bewegt.ch\/?page_id=2813"},"modified":"2026-03-13T18:15:40","modified_gmt":"2026-03-13T17:15:40","slug":"document-de-travail","status":"publish","type":"page","link":"https:\/\/biotechlerncenter.interpharma.ch\/fr\/sujets\/genese-dun-medicament\/document-de-travail\/","title":{"rendered":"Document de travail"},"content":{"rendered":"\n<div class=\"wp-block-group has-my-grey-background-color has-background\"><div class=\"wp-block-group__inner-container is-layout-flow wp-block-group-is-layout-flow\">\n<h2 class=\"wp-block-heading\"><strong>Questions relatives \u00e0 la compr\u00e9hension du texte<\/strong><\/h2>\n\n\n\n<p>Quelles sont les diff\u00e9rentes phases des \u00e9tudes cliniques? (R\u00e9ponse: voir Graphique 4.1 \u00abLa gen\u00e8se d&rsquo;un m\u00e9dicament\u00bb)<\/p>\n\n\n\n<p>A l&rsquo;aide du graphique \u00abLa gen\u00e8se d&rsquo;un m\u00e9dicament\u00bb, faites le calcul ci-apr\u00e8s \u00e0 rebours: un m\u00e9dicament a \u00e9t\u00e9 mis sur le march\u00e9 en 2006. En quelle ann\u00e9e les essais de phase II ont-ils \u00e9t\u00e9 men\u00e9s sur ce m\u00e9dicament? Quel \u00e2ge aviez-vous \u00e0 l&rsquo;\u00e9poque? Quand la demande de brevet a-t-elle \u00e9t\u00e9 d\u00e9pos\u00e9e pour ce m\u00e9dicament et quand a-t-on commenc\u00e9 la d\u00e9termination du principe actif? Quel \u00e2ge aviez-vous \u00e0 l&rsquo;\u00e9poque?<\/p>\n\n\n\n<p>Quels sont les organismes garantissant en Suisse que les \u00e9tudes cliniques sont men\u00e9es correctement? (R\u00e9ponse:&nbsp;<a href=\"http:\/\/www.swissmedic.ch\/\" target=\"_blank\" rel=\"noreferrer noopener\">Swissmedic<\/a>, commissions cantonales d&rsquo;\u00e9thique)<\/p>\n<\/div><\/div>\n\n\n\n<h2 class=\"wp-block-heading\"><strong>Th\u00e8me: recensement des \u00e9tudes cliniques dans un registre public<\/strong><\/h2>\n\n\n\n<p>Au cours de ces derni\u00e8res ann\u00e9es, l&rsquo;opinion publique a de plus en plus fortement r\u00e9clam\u00e9 une plus grande transparence dans les \u00e9tudes cliniques. Les entreprises pharmaceutiques se voyaient reprocher de publier les \u00e9tudes sur les m\u00e9dicaments de mani\u00e8re s\u00e9lective et d\u00e9s\u00e9quilibr\u00e9e &#8211; autrement dit d&rsquo;ignorer les r\u00e9sultats n\u00e9gatifs. En cons\u00e9quence de quoi, les associations pharmaceutiques d&rsquo;Europe, du Japon et des Etats-Unis ont d\u00e9cid\u00e9 d&rsquo;agir conjointement avec la F\u00e9d\u00e9ration internationale de l&rsquo;industrie du m\u00e9dicament (FIM) en janvier 2005: dans le but de cr\u00e9er de la transparence et de restaurer la confiance, elles se sont engag\u00e9es \u00e0 recenser d&rsquo;ici le 13 septembre 2005 toutes les \u00e9tudes cliniques en cours dans un registre accessible au public. En Suisse, les entreprises pratiquant la recherche Novartis, Roche et Serono ont satisfait dans les d\u00e9lais \u00e0 cette exigence.<\/p>\n\n\n\n<p>Les&nbsp;<a href=\"http:\/\/www.clinicaltrials.gov\/\" target=\"_blank\" rel=\"noreferrer noopener\">\u00e9tudes cliniques de Serono et de Novartis<\/a>&nbsp;(\u00e0 partir de la phase II) ainsi que&nbsp;<a href=\"http:\/\/www.roche-trials.com\/\" target=\"_blank\" rel=\"noreferrer noopener\">les \u00e9tudes de Roche<\/a>&nbsp;peuvent \u00eatre consult\u00e9es sur l&rsquo;Internet.<\/p>\n\n\n\n<p>Combien d&rsquo;\u00e9tudes ont-elles d\u00e9j\u00e0 \u00e9t\u00e9 men\u00e9es et achev\u00e9es sur l&rsquo;Herceptin, m\u00e9dicament anticanc\u00e9reux (nom du principe actif : trastuzumab)?<\/p>\n\n\n\n<p>Combien sont actuellement planifi\u00e9s sur l&rsquo;Herceptin? (La r\u00e9ponse figure&nbsp;<a href=\"http:\/\/www.roche-trials.com\/\" target=\"_blank\" rel=\"noreferrer noopener\">ici<\/a>.)<\/p>\n","protected":false},"excerpt":{"rendered":"<p>Questions relatives \u00e0 la compr\u00e9hension du texte Quelles sont les diff\u00e9rentes phases des \u00e9tudes cliniques? (R\u00e9ponse: voir Graphique 4.1 \u00abLa gen\u00e8se d&rsquo;un m\u00e9dicament\u00bb) A l&rsquo;aide du graphique \u00abLa gen\u00e8se d&rsquo;un m\u00e9dicament\u00bb, faites le calcul ci-apr\u00e8s \u00e0 rebours: un m\u00e9dicament a \u00e9t\u00e9 mis sur le march\u00e9 en 2006. En quelle ann\u00e9e les essais de phase II [&hellip;]<\/p>\n","protected":false},"author":1,"featured_media":0,"parent":898,"menu_order":8,"comment_status":"closed","ping_status":"closed","template":"page-templates\/unterthema.php","meta":{"_acf_changed":false,"inline_featured_image":false,"footnotes":""},"class_list":["post-2813","page","type-page","status-publish","hentry"],"acf":[],"yoast_head":"<!-- This site is optimized with the Yoast SEO Premium plugin v27.2 (Yoast SEO v27.2) - https:\/\/yoast.com\/product\/yoast-seo-premium-wordpress\/ -->\n<title>Document de travail - biotechlerncenter<\/title>\n<meta name=\"robots\" content=\"index, follow, max-snippet:-1, max-image-preview:large, max-video-preview:-1\" \/>\n<link rel=\"canonical\" href=\"https:\/\/biotechlerncenter.interpharma.ch\/themen\/wie-ein-medikament-entsteht\/arbeitsblatt\/\" \/>\n<meta property=\"og:locale\" content=\"fr_FR\" \/>\n<meta property=\"og:type\" content=\"article\" \/>\n<meta property=\"og:title\" content=\"Document de travail\" \/>\n<meta property=\"og:description\" content=\"Questions relatives \u00e0 la compr\u00e9hension du texte Quelles sont les diff\u00e9rentes phases des \u00e9tudes cliniques? (R\u00e9ponse: voir Graphique 4.1 \u00abLa gen\u00e8se d&rsquo;un m\u00e9dicament\u00bb) A l&rsquo;aide du graphique \u00abLa gen\u00e8se d&rsquo;un m\u00e9dicament\u00bb, faites le calcul ci-apr\u00e8s \u00e0 rebours: un m\u00e9dicament a \u00e9t\u00e9 mis sur le march\u00e9 en 2006. En quelle ann\u00e9e les essais de phase II [&hellip;]\" \/>\n<meta property=\"og:url\" content=\"https:\/\/biotechlerncenter.interpharma.ch\/themen\/wie-ein-medikament-entsteht\/arbeitsblatt\/\" \/>\n<meta property=\"og:site_name\" content=\"biotechlerncenter\" \/>\n<meta property=\"article:modified_time\" content=\"2026-03-13T17:15:40+00:00\" \/>\n<meta name=\"twitter:card\" content=\"summary_large_image\" \/>\n<meta name=\"twitter:label1\" content=\"Dur\u00e9e de lecture estim\u00e9e\" \/>\n\t<meta name=\"twitter:data1\" content=\"2 minutes\" \/>\n<script type=\"application\/ld+json\" class=\"yoast-schema-graph\">{\"@context\":\"https:\/\/schema.org\",\"@graph\":[{\"@type\":\"WebPage\",\"@id\":\"https:\/\/biotechlerncenter.interpharma.ch\/themen\/wie-ein-medikament-entsteht\/arbeitsblatt\/\",\"url\":\"https:\/\/biotechlerncenter.interpharma.ch\/themen\/wie-ein-medikament-entsteht\/arbeitsblatt\/\",\"name\":\"Document de travail - biotechlerncenter\",\"isPartOf\":{\"@id\":\"https:\/\/biotechlerncenter.interpharma.ch\/#website\"},\"datePublished\":\"2026-03-13T12:55:06+00:00\",\"dateModified\":\"2026-03-13T17:15:40+00:00\",\"breadcrumb\":{\"@id\":\"https:\/\/biotechlerncenter.interpharma.ch\/themen\/wie-ein-medikament-entsteht\/arbeitsblatt\/#breadcrumb\"},\"inLanguage\":\"fr-FR\",\"potentialAction\":[{\"@type\":\"ReadAction\",\"target\":[\"https:\/\/biotechlerncenter.interpharma.ch\/themen\/wie-ein-medikament-entsteht\/arbeitsblatt\/\"]}]},{\"@type\":\"BreadcrumbList\",\"@id\":\"https:\/\/biotechlerncenter.interpharma.ch\/themen\/wie-ein-medikament-entsteht\/arbeitsblatt\/#breadcrumb\",\"itemListElement\":[{\"@type\":\"ListItem\",\"position\":1,\"name\":\"Start\",\"item\":\"https:\/\/biotechlerncenter.interpharma.ch\/fr\/\"},{\"@type\":\"ListItem\",\"position\":2,\"name\":\"Sujets\",\"item\":\"https:\/\/biotechlerncenter.interpharma.ch\/fr\/sujets\/\"},{\"@type\":\"ListItem\",\"position\":3,\"name\":\"Gen\u00e8se d&rsquo;un m\u00e9dicament\",\"item\":\"https:\/\/biotechlerncenter.interpharma.ch\/fr\/sujets\/genese-dun-medicament\/\"},{\"@type\":\"ListItem\",\"position\":4,\"name\":\"Document de travail\"}]},{\"@type\":\"WebSite\",\"@id\":\"https:\/\/biotechlerncenter.interpharma.ch\/#website\",\"url\":\"https:\/\/biotechlerncenter.interpharma.ch\/\",\"name\":\"biotechlerncenter\",\"description\":\"\",\"potentialAction\":[{\"@type\":\"SearchAction\",\"target\":{\"@type\":\"EntryPoint\",\"urlTemplate\":\"https:\/\/biotechlerncenter.interpharma.ch\/?s={search_term_string}\"},\"query-input\":{\"@type\":\"PropertyValueSpecification\",\"valueRequired\":true,\"valueName\":\"search_term_string\"}}],\"inLanguage\":\"fr-FR\"}]}<\/script>\n<!-- \/ Yoast SEO Premium plugin. -->","yoast_head_json":{"title":"Document de travail - biotechlerncenter","robots":{"index":"index","follow":"follow","max-snippet":"max-snippet:-1","max-image-preview":"max-image-preview:large","max-video-preview":"max-video-preview:-1"},"canonical":"https:\/\/biotechlerncenter.interpharma.ch\/themen\/wie-ein-medikament-entsteht\/arbeitsblatt\/","og_locale":"fr_FR","og_type":"article","og_title":"Document de travail","og_description":"Questions relatives \u00e0 la compr\u00e9hension du texte Quelles sont les diff\u00e9rentes phases des \u00e9tudes cliniques? (R\u00e9ponse: voir Graphique 4.1 \u00abLa gen\u00e8se d&rsquo;un m\u00e9dicament\u00bb) A l&rsquo;aide du graphique \u00abLa gen\u00e8se d&rsquo;un m\u00e9dicament\u00bb, faites le calcul ci-apr\u00e8s \u00e0 rebours: un m\u00e9dicament a \u00e9t\u00e9 mis sur le march\u00e9 en 2006. En quelle ann\u00e9e les essais de phase II [&hellip;]","og_url":"https:\/\/biotechlerncenter.interpharma.ch\/themen\/wie-ein-medikament-entsteht\/arbeitsblatt\/","og_site_name":"biotechlerncenter","article_modified_time":"2026-03-13T17:15:40+00:00","twitter_card":"summary_large_image","twitter_misc":{"Dur\u00e9e de lecture estim\u00e9e":"2 minutes"},"schema":{"@context":"https:\/\/schema.org","@graph":[{"@type":"WebPage","@id":"https:\/\/biotechlerncenter.interpharma.ch\/themen\/wie-ein-medikament-entsteht\/arbeitsblatt\/","url":"https:\/\/biotechlerncenter.interpharma.ch\/themen\/wie-ein-medikament-entsteht\/arbeitsblatt\/","name":"Document de travail - biotechlerncenter","isPartOf":{"@id":"https:\/\/biotechlerncenter.interpharma.ch\/#website"},"datePublished":"2026-03-13T12:55:06+00:00","dateModified":"2026-03-13T17:15:40+00:00","breadcrumb":{"@id":"https:\/\/biotechlerncenter.interpharma.ch\/themen\/wie-ein-medikament-entsteht\/arbeitsblatt\/#breadcrumb"},"inLanguage":"fr-FR","potentialAction":[{"@type":"ReadAction","target":["https:\/\/biotechlerncenter.interpharma.ch\/themen\/wie-ein-medikament-entsteht\/arbeitsblatt\/"]}]},{"@type":"BreadcrumbList","@id":"https:\/\/biotechlerncenter.interpharma.ch\/themen\/wie-ein-medikament-entsteht\/arbeitsblatt\/#breadcrumb","itemListElement":[{"@type":"ListItem","position":1,"name":"Start","item":"https:\/\/biotechlerncenter.interpharma.ch\/fr\/"},{"@type":"ListItem","position":2,"name":"Sujets","item":"https:\/\/biotechlerncenter.interpharma.ch\/fr\/sujets\/"},{"@type":"ListItem","position":3,"name":"Gen\u00e8se d&rsquo;un m\u00e9dicament","item":"https:\/\/biotechlerncenter.interpharma.ch\/fr\/sujets\/genese-dun-medicament\/"},{"@type":"ListItem","position":4,"name":"Document de travail"}]},{"@type":"WebSite","@id":"https:\/\/biotechlerncenter.interpharma.ch\/#website","url":"https:\/\/biotechlerncenter.interpharma.ch\/","name":"biotechlerncenter","description":"","potentialAction":[{"@type":"SearchAction","target":{"@type":"EntryPoint","urlTemplate":"https:\/\/biotechlerncenter.interpharma.ch\/?s={search_term_string}"},"query-input":{"@type":"PropertyValueSpecification","valueRequired":true,"valueName":"search_term_string"}}],"inLanguage":"fr-FR"}]}},"_links":{"self":[{"href":"https:\/\/biotechlerncenter.interpharma.ch\/fr\/wp-json\/wp\/v2\/pages\/2813","targetHints":{"allow":["GET"]}}],"collection":[{"href":"https:\/\/biotechlerncenter.interpharma.ch\/fr\/wp-json\/wp\/v2\/pages"}],"about":[{"href":"https:\/\/biotechlerncenter.interpharma.ch\/fr\/wp-json\/wp\/v2\/types\/page"}],"author":[{"embeddable":true,"href":"https:\/\/biotechlerncenter.interpharma.ch\/fr\/wp-json\/wp\/v2\/users\/1"}],"replies":[{"embeddable":true,"href":"https:\/\/biotechlerncenter.interpharma.ch\/fr\/wp-json\/wp\/v2\/comments?post=2813"}],"version-history":[{"count":2,"href":"https:\/\/biotechlerncenter.interpharma.ch\/fr\/wp-json\/wp\/v2\/pages\/2813\/revisions"}],"predecessor-version":[{"id":3214,"href":"https:\/\/biotechlerncenter.interpharma.ch\/fr\/wp-json\/wp\/v2\/pages\/2813\/revisions\/3214"}],"up":[{"embeddable":true,"href":"https:\/\/biotechlerncenter.interpharma.ch\/fr\/wp-json\/wp\/v2\/pages\/898"}],"wp:attachment":[{"href":"https:\/\/biotechlerncenter.interpharma.ch\/fr\/wp-json\/wp\/v2\/media?parent=2813"}],"curies":[{"name":"wp","href":"https:\/\/api.w.org\/{rel}","templated":true}]}}

<div class="wp-block-group has-my-grey-background-color has-background"><div class="wp-block-group__inner-container is-layout-flow wp-block-group-is-layout-flow">
<h2 class="wp-block-heading"><strong>Questions relatives à la compréhension du texte</strong></h2>



<p>Quelles sont les différentes phases des études cliniques? (Réponse: voir Graphique 4.1 «La genèse d&rsquo;un médicament»)</p>



<p>A l&rsquo;aide du graphique «La genèse d&rsquo;un médicament», faites le calcul ci-après à rebours: un médicament a été mis sur le marché en 2006. En quelle année les essais de phase II ont-ils été menés sur ce médicament? Quel âge aviez-vous à l&rsquo;époque? Quand la demande de brevet a-t-elle été déposée pour ce médicament et quand a-t-on commencé la détermination du principe actif? Quel âge aviez-vous à l&rsquo;époque?</p>



<p>Quels sont les organismes garantissant en Suisse que les études cliniques sont menées correctement? (Réponse:&nbsp;<a href="http://www.swissmedic.ch/" target="_blank" rel="noreferrer noopener">Swissmedic</a>, commissions cantonales d&rsquo;éthique)</p>
</div></div>



<h2 class="wp-block-heading"><strong>Thème: recensement des études cliniques dans un registre public</strong></h2>



<p>Au cours de ces dernières années, l&rsquo;opinion publique a de plus en plus fortement réclamé une plus grande transparence dans les études cliniques. Les entreprises pharmaceutiques se voyaient reprocher de publier les études sur les médicaments de manière sélective et déséquilibrée &#8211; autrement dit d&rsquo;ignorer les résultats négatifs. En conséquence de quoi, les associations pharmaceutiques d&rsquo;Europe, du Japon et des Etats-Unis ont décidé d&rsquo;agir conjointement avec la Fédération internationale de l&rsquo;industrie du médicament (FIM) en janvier 2005: dans le but de créer de la transparence et de restaurer la confiance, elles se sont engagées à recenser d&rsquo;ici le 13 septembre 2005 toutes les études cliniques en cours dans un registre accessible au public. En Suisse, les entreprises pratiquant la recherche Novartis, Roche et Serono ont satisfait dans les délais à cette exigence.</p>



<p>Les&nbsp;<a href="http://www.clinicaltrials.gov/" target="_blank" rel="noreferrer noopener">études cliniques de Serono et de Novartis</a>&nbsp;(à partir de la phase II) ainsi que&nbsp;<a href="http://www.roche-trials.com/" target="_blank" rel="noreferrer noopener">les études de Roche</a>&nbsp;peuvent être consultées sur l&rsquo;Internet.</p>



<p>Combien d&rsquo;études ont-elles déjà été menées et achevées sur l&rsquo;Herceptin, médicament anticancéreux (nom du principe actif : trastuzumab)?</p>



<p>Combien sont actuellement planifiés sur l&rsquo;Herceptin? (La réponse figure&nbsp;<a href="http://www.roche-trials.com/" target="_blank" rel="noreferrer noopener">ici</a>.)</p>

<p>Questions relatives à la compréhension du texte Quelles sont les différentes phases des études cliniques? (Réponse: voir Graphique 4.1 «La genèse d&rsquo;un médicament») A l&rsquo;aide du graphique «La genèse d&rsquo;un médicament», faites le calcul ci-après à rebours: un médicament a été mis sur le marché en 2006. En quelle année les essais de phase II [&hellip;]</p>

<!-- This site is optimized with the Yoast SEO Premium plugin v27.2 (Yoast SEO v27.2) - https://yoast.com/product/yoast-seo-premium-wordpress/ -->
<title>Document de travail - biotechlerncenter</title>
<meta name="robots" content="index, follow, max-snippet:-1, max-image-preview:large, max-video-preview:-1" />
<link rel="canonical" href="https://biotechlerncenter.interpharma.ch/themen/wie-ein-medikament-entsteht/arbeitsblatt/" />
<meta property="og:locale" content="fr_FR" />
<meta property="og:type" content="article" />
<meta property="og:title" content="Document de travail" />
<meta property="og:description" content="Questions relatives à la compréhension du texte Quelles sont les différentes phases des études cliniques? (Réponse: voir Graphique 4.1 «La genèse d&rsquo;un médicament») A l&rsquo;aide du graphique «La genèse d&rsquo;un médicament», faites le calcul ci-après à rebours: un médicament a été mis sur le marché en 2006. En quelle année les essais de phase II [&hellip;]" />
<meta property="og:url" content="https://biotechlerncenter.interpharma.ch/themen/wie-ein-medikament-entsteht/arbeitsblatt/" />
<meta property="og:site_name" content="biotechlerncenter" />
<meta property="article:modified_time" content="2026-03-13T17:15:40+00:00" />
<meta name="twitter:card" content="summary_large_image" />
<meta name="twitter:label1" content="Durée de lecture estimée" />
	<meta name="twitter:data1" content="2 minutes" />
<script type="application/ld+json" class="yoast-schema-graph">{"@context":"https://schema.org","@graph":[{"@type":"WebPage","@id":"https://biotechlerncenter.interpharma.ch/themen/wie-ein-medikament-entsteht/arbeitsblatt/","url":"https://biotechlerncenter.interpharma.ch/themen/wie-ein-medikament-entsteht/arbeitsblatt/","name":"Document de travail - biotechlerncenter","isPartOf":{"@id":"https://biotechlerncenter.interpharma.ch/#website"},"datePublished":"2026-03-13T12:55:06+00:00","dateModified":"2026-03-13T17:15:40+00:00","breadcrumb":{"@id":"https://biotechlerncenter.interpharma.ch/themen/wie-ein-medikament-entsteht/arbeitsblatt/#breadcrumb"},"inLanguage":"fr-FR","potentialAction":[{"@type":"ReadAction","target":["https://biotechlerncenter.interpharma.ch/themen/wie-ein-medikament-entsteht/arbeitsblatt/"]}]},{"@type":"BreadcrumbList","@id":"https://biotechlerncenter.interpharma.ch/themen/wie-ein-medikament-entsteht/arbeitsblatt/#breadcrumb","itemListElement":[{"@type":"ListItem","position":1,"name":"Start","item":"https://biotechlerncenter.interpharma.ch/fr/"},{"@type":"ListItem","position":2,"name":"Sujets","item":"https://biotechlerncenter.interpharma.ch/fr/sujets/"},{"@type":"ListItem","position":3,"name":"Genèse d&rsquo;un médicament","item":"https://biotechlerncenter.interpharma.ch/fr/sujets/genese-dun-medicament/"},{"@type":"ListItem","position":4,"name":"Document de travail"}]},{"@type":"WebSite","@id":"https://biotechlerncenter.interpharma.ch/#website","url":"https://biotechlerncenter.interpharma.ch/","name":"biotechlerncenter","description":"","potentialAction":[{"@type":"SearchAction","target":{"@type":"EntryPoint","urlTemplate":"https://biotechlerncenter.interpharma.ch/?s={search_term_string}"},"query-input":{"@type":"PropertyValueSpecification","valueRequired":true,"valueName":"search_term_string"}}],"inLanguage":"fr-FR"}]}</script>
<!-- / Yoast SEO Premium plugin. -->

Questions relatives à la compréhension du texte Quelles sont les différentes phases des études cliniques? (Réponse: voir Graphique 4.1 «La genèse d&rsquo;un médicament») A l&rsquo;aide du graphique «La genèse d&rsquo;un médicament», faites le calcul ci-après à rebours: un médicament a été mis sur le marché en 2006. En quelle année les essais de phase II [&hellip;]

Genèse d&rsquo;un médicament
