{"id":1198,"date":"2026-03-12T17:26:58","date_gmt":"2026-03-12T16:26:58","guid":{"rendered":"https:\/\/biotechlerncenter.iph-multisite.berta-bewegt.ch\/?page_id=1198"},"modified":"2026-03-12T17:26:58","modified_gmt":"2026-03-12T16:26:58","slug":"7-vaccinations-aspects-ethiques","status":"publish","type":"page","link":"https:\/\/biotechlerncenter.interpharma.ch\/fr\/sujets\/vaccination\/7-vaccinations-aspects-ethiques\/","title":{"rendered":"7. Vaccinations \u2013 aspects \u00e9thiques"},"content":{"rendered":"\n<h2 class=\"wp-block-heading\"><strong>Les agents pathog\u00e8nes ignorent les fronti\u00e8res<\/strong><\/h2>\n\n\n\n<p>Les agents pathog\u00e8nes de la rougeole peuvent se propager sur la terre enti\u00e8re en quelques semaines. Prenons le cas suivant: un porteur du virus de la rougeole provenant de&nbsp; Suisse d\u00e9clenche une \u00e9pid\u00e9mie de rougeole dans un pays du tiers-monde, en Am\u00e9rique du Sud par exemple. Les offres sanitaires ne sont pas bien assur\u00e9es dans ce pays. Les patients atteints de rougeole n&rsquo;auront pas de traitement suffisant lors d&rsquo;une \u00e9volution grave. Et le plus souvent, il n&rsquo;y a pas de m\u00e9decin disponible. L&rsquo;apparition de cette maladie va provoquer la mort de plusieurs individus.<\/p>\n\n\n\n<p>Les questions suivantes se posent:<\/p>\n\n\n\n<ul class=\"wp-block-list\"><li>Cette personne a-t-elle agi de fa\u00e7on irresponsable?<\/li><li>Ne serait-ce pas le devoir du gouvernement du pays concern\u00e9 de se soucier de vacciner le plus d&rsquo;individus possible?<\/li><li>Pourquoi osons-nous attendre que les individus de ce pays soient suffisamment vaccin\u00e9s alors que le taux de vaccination contre la rougeole est insuffisant en Suisse? Ne devrions-nous pas montrer l&rsquo;exemple et assurer le fait qu&rsquo;il n&rsquo;y ait plus d&rsquo;\u00e9pid\u00e9mies en Europe?<\/li><\/ul>\n","protected":false},"excerpt":{"rendered":"<p>Les agents pathog\u00e8nes ignorent les fronti\u00e8res Les agents pathog\u00e8nes de la rougeole peuvent se propager sur la terre enti\u00e8re en quelques semaines. Prenons le cas suivant: un porteur du virus de la rougeole provenant de&nbsp; Suisse d\u00e9clenche une \u00e9pid\u00e9mie de rougeole dans un pays du tiers-monde, en Am\u00e9rique du Sud par exemple. Les offres sanitaires [&hellip;]<\/p>\n","protected":false},"author":1,"featured_media":0,"parent":1206,"menu_order":6,"comment_status":"closed","ping_status":"closed","template":"page-templates\/unterthema.php","meta":{"_acf_changed":false,"inline_featured_image":false,"footnotes":""},"class_list":["post-1198","page","type-page","status-publish","hentry"],"acf":[],"yoast_head":"<!-- This site is optimized with the Yoast SEO Premium plugin v27.2 (Yoast SEO v27.2) - https:\/\/yoast.com\/product\/yoast-seo-premium-wordpress\/ -->\n<title>7. Vaccinations \u2013 aspects \u00e9thiques - biotechlerncenter<\/title>\n<meta name=\"robots\" content=\"index, follow, max-snippet:-1, max-image-preview:large, max-video-preview:-1\" \/>\n<link rel=\"canonical\" href=\"https:\/\/biotechlerncenter.interpharma.ch\/themen\/impfen-selbstverteidigung-fuer-das-immunsystem\/7-impfen-ethische-aspekte\/\" \/>\n<meta property=\"og:locale\" content=\"fr_FR\" \/>\n<meta property=\"og:type\" content=\"article\" \/>\n<meta property=\"og:title\" content=\"7. Vaccinations \u2013 aspects \u00e9thiques\" \/>\n<meta property=\"og:description\" content=\"Les agents pathog\u00e8nes ignorent les fronti\u00e8res Les agents pathog\u00e8nes de la rougeole peuvent se propager sur la terre enti\u00e8re en quelques semaines. Prenons le cas suivant: un porteur du virus de la rougeole provenant de&nbsp; Suisse d\u00e9clenche une \u00e9pid\u00e9mie de rougeole dans un pays du tiers-monde, en Am\u00e9rique du Sud par exemple. Les offres sanitaires [&hellip;]\" \/>\n<meta property=\"og:url\" content=\"https:\/\/biotechlerncenter.interpharma.ch\/themen\/impfen-selbstverteidigung-fuer-das-immunsystem\/7-impfen-ethische-aspekte\/\" \/>\n<meta property=\"og:site_name\" content=\"biotechlerncenter\" \/>\n<meta name=\"twitter:card\" content=\"summary_large_image\" \/>\n<meta name=\"twitter:label1\" content=\"Dur\u00e9e de lecture estim\u00e9e\" \/>\n\t<meta name=\"twitter:data1\" content=\"1 minute\" \/>\n<script type=\"application\/ld+json\" class=\"yoast-schema-graph\">{\"@context\":\"https:\/\/schema.org\",\"@graph\":[{\"@type\":\"WebPage\",\"@id\":\"https:\/\/biotechlerncenter.interpharma.ch\/themen\/impfen-selbstverteidigung-fuer-das-immunsystem\/7-impfen-ethische-aspekte\/\",\"url\":\"https:\/\/biotechlerncenter.interpharma.ch\/themen\/impfen-selbstverteidigung-fuer-das-immunsystem\/7-impfen-ethische-aspekte\/\",\"name\":\"7. Vaccinations \u2013 aspects \u00e9thiques - biotechlerncenter\",\"isPartOf\":{\"@id\":\"https:\/\/biotechlerncenter.interpharma.ch\/#website\"},\"datePublished\":\"2026-03-12T16:26:58+00:00\",\"breadcrumb\":{\"@id\":\"https:\/\/biotechlerncenter.interpharma.ch\/themen\/impfen-selbstverteidigung-fuer-das-immunsystem\/7-impfen-ethische-aspekte\/#breadcrumb\"},\"inLanguage\":\"fr-FR\",\"potentialAction\":[{\"@type\":\"ReadAction\",\"target\":[\"https:\/\/biotechlerncenter.interpharma.ch\/themen\/impfen-selbstverteidigung-fuer-das-immunsystem\/7-impfen-ethische-aspekte\/\"]}]},{\"@type\":\"BreadcrumbList\",\"@id\":\"https:\/\/biotechlerncenter.interpharma.ch\/themen\/impfen-selbstverteidigung-fuer-das-immunsystem\/7-impfen-ethische-aspekte\/#breadcrumb\",\"itemListElement\":[{\"@type\":\"ListItem\",\"position\":1,\"name\":\"Start\",\"item\":\"https:\/\/biotechlerncenter.interpharma.ch\/fr\/\"},{\"@type\":\"ListItem\",\"position\":2,\"name\":\"Sujets\",\"item\":\"https:\/\/biotechlerncenter.interpharma.ch\/fr\/sujets\/\"},{\"@type\":\"ListItem\",\"position\":3,\"name\":\"Vaccination\",\"item\":\"https:\/\/biotechlerncenter.interpharma.ch\/fr\/sujets\/vaccination\/\"},{\"@type\":\"ListItem\",\"position\":4,\"name\":\"7. Vaccinations \u2013 aspects \u00e9thiques\"}]},{\"@type\":\"WebSite\",\"@id\":\"https:\/\/biotechlerncenter.interpharma.ch\/#website\",\"url\":\"https:\/\/biotechlerncenter.interpharma.ch\/\",\"name\":\"biotechlerncenter\",\"description\":\"\",\"potentialAction\":[{\"@type\":\"SearchAction\",\"target\":{\"@type\":\"EntryPoint\",\"urlTemplate\":\"https:\/\/biotechlerncenter.interpharma.ch\/?s={search_term_string}\"},\"query-input\":{\"@type\":\"PropertyValueSpecification\",\"valueRequired\":true,\"valueName\":\"search_term_string\"}}],\"inLanguage\":\"fr-FR\"}]}<\/script>\n<!-- \/ Yoast SEO Premium plugin. -->","yoast_head_json":{"title":"7. Vaccinations \u2013 aspects \u00e9thiques - biotechlerncenter","robots":{"index":"index","follow":"follow","max-snippet":"max-snippet:-1","max-image-preview":"max-image-preview:large","max-video-preview":"max-video-preview:-1"},"canonical":"https:\/\/biotechlerncenter.interpharma.ch\/themen\/impfen-selbstverteidigung-fuer-das-immunsystem\/7-impfen-ethische-aspekte\/","og_locale":"fr_FR","og_type":"article","og_title":"7. Vaccinations \u2013 aspects \u00e9thiques","og_description":"Les agents pathog\u00e8nes ignorent les fronti\u00e8res Les agents pathog\u00e8nes de la rougeole peuvent se propager sur la terre enti\u00e8re en quelques semaines. Prenons le cas suivant: un porteur du virus de la rougeole provenant de&nbsp; Suisse d\u00e9clenche une \u00e9pid\u00e9mie de rougeole dans un pays du tiers-monde, en Am\u00e9rique du Sud par exemple. Les offres sanitaires [&hellip;]","og_url":"https:\/\/biotechlerncenter.interpharma.ch\/themen\/impfen-selbstverteidigung-fuer-das-immunsystem\/7-impfen-ethische-aspekte\/","og_site_name":"biotechlerncenter","twitter_card":"summary_large_image","twitter_misc":{"Dur\u00e9e de lecture estim\u00e9e":"1 minute"},"schema":{"@context":"https:\/\/schema.org","@graph":[{"@type":"WebPage","@id":"https:\/\/biotechlerncenter.interpharma.ch\/themen\/impfen-selbstverteidigung-fuer-das-immunsystem\/7-impfen-ethische-aspekte\/","url":"https:\/\/biotechlerncenter.interpharma.ch\/themen\/impfen-selbstverteidigung-fuer-das-immunsystem\/7-impfen-ethische-aspekte\/","name":"7. Vaccinations \u2013 aspects \u00e9thiques - biotechlerncenter","isPartOf":{"@id":"https:\/\/biotechlerncenter.interpharma.ch\/#website"},"datePublished":"2026-03-12T16:26:58+00:00","breadcrumb":{"@id":"https:\/\/biotechlerncenter.interpharma.ch\/themen\/impfen-selbstverteidigung-fuer-das-immunsystem\/7-impfen-ethische-aspekte\/#breadcrumb"},"inLanguage":"fr-FR","potentialAction":[{"@type":"ReadAction","target":["https:\/\/biotechlerncenter.interpharma.ch\/themen\/impfen-selbstverteidigung-fuer-das-immunsystem\/7-impfen-ethische-aspekte\/"]}]},{"@type":"BreadcrumbList","@id":"https:\/\/biotechlerncenter.interpharma.ch\/themen\/impfen-selbstverteidigung-fuer-das-immunsystem\/7-impfen-ethische-aspekte\/#breadcrumb","itemListElement":[{"@type":"ListItem","position":1,"name":"Start","item":"https:\/\/biotechlerncenter.interpharma.ch\/fr\/"},{"@type":"ListItem","position":2,"name":"Sujets","item":"https:\/\/biotechlerncenter.interpharma.ch\/fr\/sujets\/"},{"@type":"ListItem","position":3,"name":"Vaccination","item":"https:\/\/biotechlerncenter.interpharma.ch\/fr\/sujets\/vaccination\/"},{"@type":"ListItem","position":4,"name":"7. Vaccinations \u2013 aspects \u00e9thiques"}]},{"@type":"WebSite","@id":"https:\/\/biotechlerncenter.interpharma.ch\/#website","url":"https:\/\/biotechlerncenter.interpharma.ch\/","name":"biotechlerncenter","description":"","potentialAction":[{"@type":"SearchAction","target":{"@type":"EntryPoint","urlTemplate":"https:\/\/biotechlerncenter.interpharma.ch\/?s={search_term_string}"},"query-input":{"@type":"PropertyValueSpecification","valueRequired":true,"valueName":"search_term_string"}}],"inLanguage":"fr-FR"}]}},"_links":{"self":[{"href":"https:\/\/biotechlerncenter.interpharma.ch\/fr\/wp-json\/wp\/v2\/pages\/1198","targetHints":{"allow":["GET"]}}],"collection":[{"href":"https:\/\/biotechlerncenter.interpharma.ch\/fr\/wp-json\/wp\/v2\/pages"}],"about":[{"href":"https:\/\/biotechlerncenter.interpharma.ch\/fr\/wp-json\/wp\/v2\/types\/page"}],"author":[{"embeddable":true,"href":"https:\/\/biotechlerncenter.interpharma.ch\/fr\/wp-json\/wp\/v2\/users\/1"}],"replies":[{"embeddable":true,"href":"https:\/\/biotechlerncenter.interpharma.ch\/fr\/wp-json\/wp\/v2\/comments?post=1198"}],"version-history":[{"count":1,"href":"https:\/\/biotechlerncenter.interpharma.ch\/fr\/wp-json\/wp\/v2\/pages\/1198\/revisions"}],"predecessor-version":[{"id":1199,"href":"https:\/\/biotechlerncenter.interpharma.ch\/fr\/wp-json\/wp\/v2\/pages\/1198\/revisions\/1199"}],"up":[{"embeddable":true,"href":"https:\/\/biotechlerncenter.interpharma.ch\/fr\/wp-json\/wp\/v2\/pages\/1206"}],"wp:attachment":[{"href":"https:\/\/biotechlerncenter.interpharma.ch\/fr\/wp-json\/wp\/v2\/media?parent=1198"}],"curies":[{"name":"wp","href":"https:\/\/api.w.org\/{rel}","templated":true}]}}

7. Vaccinations – aspects éthiques

<h2 class="wp-block-heading"><strong>Les agents pathogènes ignorent les frontières</strong></h2>



<p>Les agents pathogènes de la rougeole peuvent se propager sur la terre entière en quelques semaines. Prenons le cas suivant: un porteur du virus de la rougeole provenant de&nbsp; Suisse déclenche une épidémie de rougeole dans un pays du tiers-monde, en Amérique du Sud par exemple. Les offres sanitaires ne sont pas bien assurées dans ce pays. Les patients atteints de rougeole n&rsquo;auront pas de traitement suffisant lors d&rsquo;une évolution grave. Et le plus souvent, il n&rsquo;y a pas de médecin disponible. L&rsquo;apparition de cette maladie va provoquer la mort de plusieurs individus.</p>



<p>Les questions suivantes se posent:</p>



<ul class="wp-block-list"><li>Cette personne a-t-elle agi de façon irresponsable?</li><li>Ne serait-ce pas le devoir du gouvernement du pays concerné de se soucier de vacciner le plus d&rsquo;individus possible?</li><li>Pourquoi osons-nous attendre que les individus de ce pays soient suffisamment vaccinés alors que le taux de vaccination contre la rougeole est insuffisant en Suisse? Ne devrions-nous pas montrer l&rsquo;exemple et assurer le fait qu&rsquo;il n&rsquo;y ait plus d&rsquo;épidémies en Europe?</li></ul>

<p>Les agents pathogènes ignorent les frontières Les agents pathogènes de la rougeole peuvent se propager sur la terre entière en quelques semaines. Prenons le cas suivant: un porteur du virus de la rougeole provenant de&nbsp; Suisse déclenche une épidémie de rougeole dans un pays du tiers-monde, en Amérique du Sud par exemple. Les offres sanitaires [&hellip;]</p>

<!-- This site is optimized with the Yoast SEO Premium plugin v27.2 (Yoast SEO v27.2) - https://yoast.com/product/yoast-seo-premium-wordpress/ -->
<title>7. Vaccinations – aspects éthiques - biotechlerncenter</title>
<meta name="robots" content="index, follow, max-snippet:-1, max-image-preview:large, max-video-preview:-1" />
<link rel="canonical" href="https://biotechlerncenter.interpharma.ch/themen/impfen-selbstverteidigung-fuer-das-immunsystem/7-impfen-ethische-aspekte/" />
<meta property="og:locale" content="fr_FR" />
<meta property="og:type" content="article" />
<meta property="og:title" content="7. Vaccinations – aspects éthiques" />
<meta property="og:description" content="Les agents pathogènes ignorent les frontières Les agents pathogènes de la rougeole peuvent se propager sur la terre entière en quelques semaines. Prenons le cas suivant: un porteur du virus de la rougeole provenant de&nbsp; Suisse déclenche une épidémie de rougeole dans un pays du tiers-monde, en Amérique du Sud par exemple. Les offres sanitaires [&hellip;]" />
<meta property="og:url" content="https://biotechlerncenter.interpharma.ch/themen/impfen-selbstverteidigung-fuer-das-immunsystem/7-impfen-ethische-aspekte/" />
<meta property="og:site_name" content="biotechlerncenter" />
<meta name="twitter:card" content="summary_large_image" />
<meta name="twitter:label1" content="Durée de lecture estimée" />
	<meta name="twitter:data1" content="1 minute" />
<script type="application/ld+json" class="yoast-schema-graph">{"@context":"https://schema.org","@graph":[{"@type":"WebPage","@id":"https://biotechlerncenter.interpharma.ch/themen/impfen-selbstverteidigung-fuer-das-immunsystem/7-impfen-ethische-aspekte/","url":"https://biotechlerncenter.interpharma.ch/themen/impfen-selbstverteidigung-fuer-das-immunsystem/7-impfen-ethische-aspekte/","name":"7. Vaccinations – aspects éthiques - biotechlerncenter","isPartOf":{"@id":"https://biotechlerncenter.interpharma.ch/#website"},"datePublished":"2026-03-12T16:26:58+00:00","breadcrumb":{"@id":"https://biotechlerncenter.interpharma.ch/themen/impfen-selbstverteidigung-fuer-das-immunsystem/7-impfen-ethische-aspekte/#breadcrumb"},"inLanguage":"fr-FR","potentialAction":[{"@type":"ReadAction","target":["https://biotechlerncenter.interpharma.ch/themen/impfen-selbstverteidigung-fuer-das-immunsystem/7-impfen-ethische-aspekte/"]}]},{"@type":"BreadcrumbList","@id":"https://biotechlerncenter.interpharma.ch/themen/impfen-selbstverteidigung-fuer-das-immunsystem/7-impfen-ethische-aspekte/#breadcrumb","itemListElement":[{"@type":"ListItem","position":1,"name":"Start","item":"https://biotechlerncenter.interpharma.ch/fr/"},{"@type":"ListItem","position":2,"name":"Sujets","item":"https://biotechlerncenter.interpharma.ch/fr/sujets/"},{"@type":"ListItem","position":3,"name":"Vaccination","item":"https://biotechlerncenter.interpharma.ch/fr/sujets/vaccination/"},{"@type":"ListItem","position":4,"name":"7. Vaccinations – aspects éthiques"}]},{"@type":"WebSite","@id":"https://biotechlerncenter.interpharma.ch/#website","url":"https://biotechlerncenter.interpharma.ch/","name":"biotechlerncenter","description":"","potentialAction":[{"@type":"SearchAction","target":{"@type":"EntryPoint","urlTemplate":"https://biotechlerncenter.interpharma.ch/?s={search_term_string}"},"query-input":{"@type":"PropertyValueSpecification","valueRequired":true,"valueName":"search_term_string"}}],"inLanguage":"fr-FR"}]}</script>
<!-- / Yoast SEO Premium plugin. -->

7. Vaccinations – aspects éthiques - biotechlerncenter

Les agents pathogènes ignorent les frontières Les agents pathogènes de la rougeole peuvent se propager sur la terre entière en quelques semaines. Prenons le cas suivant: un porteur du virus de la rougeole provenant de&nbsp; Suisse déclenche une épidémie de rougeole dans un pays du tiers-monde, en Amérique du Sud par exemple. Les offres sanitaires [&hellip;]
